[INFO] fetching crate lightning-wire-msgs 0.2.1...
[INFO] checking lightning-wire-msgs-0.2.1 against master#af3c6e733a40e671550e0f0f5aeecaa13772ba56 for pr-74989
[INFO] extracting crate lightning-wire-msgs 0.2.1 into /workspace/builds/worker-6/source
[INFO] validating manifest of crates.io crate lightning-wire-msgs 0.2.1 on toolchain af3c6e733a40e671550e0f0f5aeecaa13772ba56
[INFO] running `Command { std: "/workspace/cargo-home/bin/cargo" "+af3c6e733a40e671550e0f0f5aeecaa13772ba56" "read-manifest" "--manifest-path" "Cargo.toml", kill_on_drop: false }`
[INFO] started tweaking crates.io crate lightning-wire-msgs 0.2.1
[INFO] finished tweaking crates.io crate lightning-wire-msgs 0.2.1
[INFO] tweaked toml for crates.io crate lightning-wire-msgs 0.2.1 written to /workspace/builds/worker-6/source/Cargo.toml
[INFO] running `Command { std: "/workspace/cargo-home/bin/cargo" "+af3c6e733a40e671550e0f0f5aeecaa13772ba56" "generate-lockfile" "--manifest-path" "Cargo.toml" "-Zno-index-update", kill_on_drop: false }`
[INFO] [stderr]     Blocking waiting for file lock on package cache
[INFO] running `Command { std: "/workspace/cargo-home/bin/cargo" "+af3c6e733a40e671550e0f0f5aeecaa13772ba56" "fetch" "--locked" "--manifest-path" "Cargo.toml", kill_on_drop: false }`
[INFO] [stderr]     Blocking waiting for file lock on package cache
[INFO] running `Command { std: "docker" "create" "-v" "/var/lib/crater-agent-workspace/builds/worker-6/target:/opt/rustwide/target:rw,Z" "-v" "/var/lib/crater-agent-workspace/builds/worker-6/source:/opt/rustwide/workdir:ro,Z" "-v" "/var/lib/crater-agent-workspace/cargo-home:/opt/rustwide/cargo-home:ro,Z" "-v" "/var/lib/crater-agent-workspace/rustup-home:/opt/rustwide/rustup-home:ro,Z" "-e" "SOURCE_DIR=/opt/rustwide/workdir" "-e" "CARGO_TARGET_DIR=/opt/rustwide/target" "-e" "CARGO_HOME=/opt/rustwide/cargo-home" "-e" "RUSTUP_HOME=/opt/rustwide/rustup-home" "-w" "/opt/rustwide/workdir" "-m" "1610612736" "--user" "0:0" "--network" "none" "rustops/crates-build-env@sha256:d92eaeed33fa75130ca1ee6c8a01d1ffb62bac859dfdfb3450e3e5d1c0146529" "/opt/rustwide/cargo-home/bin/cargo" "+af3c6e733a40e671550e0f0f5aeecaa13772ba56" "metadata" "--no-deps" "--format-version=1", kill_on_drop: false }`
[INFO] [stdout] 152e9869a899f42de9c0635ef4869c2fbcc8d0bfb7fc00f4801fcfca467e39a3
[INFO] [stderr] WARNING: Your kernel does not support swap limit capabilities or the cgroup is not mounted. Memory limited without swap.
[INFO] running `Command { std: "docker" "start" "-a" "152e9869a899f42de9c0635ef4869c2fbcc8d0bfb7fc00f4801fcfca467e39a3", kill_on_drop: false }`
[INFO] running `Command { std: "docker" "inspect" "152e9869a899f42de9c0635ef4869c2fbcc8d0bfb7fc00f4801fcfca467e39a3", kill_on_drop: false }`
[INFO] running `Command { std: "docker" "rm" "-f" "152e9869a899f42de9c0635ef4869c2fbcc8d0bfb7fc00f4801fcfca467e39a3", kill_on_drop: false }`
[INFO] [stdout] 152e9869a899f42de9c0635ef4869c2fbcc8d0bfb7fc00f4801fcfca467e39a3
[INFO] running `Command { std: "docker" "create" "-v" "/var/lib/crater-agent-workspace/builds/worker-6/target:/opt/rustwide/target:rw,Z" "-v" "/var/lib/crater-agent-workspace/builds/worker-6/source:/opt/rustwide/workdir:ro,Z" "-v" "/var/lib/crater-agent-workspace/cargo-home:/opt/rustwide/cargo-home:ro,Z" "-v" "/var/lib/crater-agent-workspace/rustup-home:/opt/rustwide/rustup-home:ro,Z" "-e" "SOURCE_DIR=/opt/rustwide/workdir" "-e" "CARGO_TARGET_DIR=/opt/rustwide/target" "-e" "CARGO_INCREMENTAL=0" "-e" "RUST_BACKTRACE=full" "-e" "RUSTFLAGS=--cap-lints=forbid" "-e" "CARGO_HOME=/opt/rustwide/cargo-home" "-e" "RUSTUP_HOME=/opt/rustwide/rustup-home" "-w" "/opt/rustwide/workdir" "-m" "1610612736" "--user" "0:0" "--network" "none" "rustops/crates-build-env@sha256:d92eaeed33fa75130ca1ee6c8a01d1ffb62bac859dfdfb3450e3e5d1c0146529" "/opt/rustwide/cargo-home/bin/cargo" "+af3c6e733a40e671550e0f0f5aeecaa13772ba56" "check" "--frozen" "--all" "--all-targets" "--message-format=json", kill_on_drop: false }`
[INFO] [stdout] 30dc0e05ed4b3de34012ab56f78d14f3a3f8b6f03e827a68cf781a174cd29547
[INFO] [stderr] WARNING: Your kernel does not support swap limit capabilities or the cgroup is not mounted. Memory limited without swap.
[INFO] running `Command { std: "docker" "start" "-a" "30dc0e05ed4b3de34012ab56f78d14f3a3f8b6f03e827a68cf781a174cd29547", kill_on_drop: false }`
[INFO] [stderr]    Compiling syn v1.0.40
[INFO] [stderr]    Compiling lightning-wire-msgs-derive-base v0.2.6
[INFO] [stderr]    Compiling lightning-wire-msgs-derive v0.2.6
[INFO] [stderr]     Checking lightning-wire-msgs v0.2.1 (/opt/rustwide/workdir)
[INFO] [stdout] error[E0659]: `repr` is ambiguous (built-in attribute vs any other name)
[INFO] [stdout]  --> src/items/feature.rs:7:3
[INFO] [stdout]   |
[INFO] [stdout] 7 | #[repr(usize)]
[INFO] [stdout]   |   ^^^^ ambiguous name
[INFO] [stdout]   |
[INFO] [stdout]   = note: `repr` could refer to a built-in attribute
[INFO] [stdout] note: `repr` could also refer to the derive helper attribute defined here
[INFO] [stdout]  --> src/items/feature.rs:6:68
[INFO] [stdout]   |
[INFO] [stdout] 6 | #[derive(Clone, Copy, Debug, PartialEq, Eq, PartialOrd, Ord, Hash, TryFromPrimitive)]
[INFO] [stdout]   |                                                                    ^^^^^^^^^^^^^^^^
[INFO] [stdout] 
[INFO] [stdout] 
[INFO] [stdout] error[E0659]: `repr` is ambiguous (built-in attribute vs any other name)
[INFO] [stdout]  --> src/watchtower/items/blob.rs:6:3
[INFO] [stdout]   |
[INFO] [stdout] 6 | #[repr(u16)]
[INFO] [stdout]   |   ^^^^ ambiguous name
[INFO] [stdout]   |
[INFO] [stdout]   = note: `repr` could refer to a built-in attribute
[INFO] [stdout] note: `repr` could also refer to the derive helper attribute defined here
[INFO] [stdout]  --> src/watchtower/items/blob.rs:5:68
[INFO] [stdout]   |
[INFO] [stdout] 5 | #[derive(Clone, Copy, Debug, PartialEq, Eq, PartialOrd, Ord, Hash, TryFromPrimitive)]
[INFO] [stdout]   |                                                                    ^^^^^^^^^^^^^^^^
[INFO] [stdout] 
[INFO] [stdout] 
[INFO] [stdout] error[E0659]: `repr` is ambiguous (built-in attribute vs any other name)
[INFO] [stdout]   --> src/watchtower/items/blob.rs:94:3
[INFO] [stdout]    |
[INFO] [stdout] 94 | #[repr(u16)]
[INFO] [stdout]    |   ^^^^ ambiguous name
[INFO] [stdout]    |
[INFO] [stdout]    = note: `repr` could refer to a built-in attribute
[INFO] [stdout] note: `repr` could also refer to the derive helper attribute defined here
[INFO] [stdout]   --> src/watchtower/items/blob.rs:93:45
[INFO] [stdout]    |
[INFO] [stdout] 93 | #[derive(Clone, Copy, Debug, PartialEq, Eq, TryFromPrimitive)]
[INFO] [stdout]    |                                             ^^^^^^^^^^^^^^^^
[INFO] [stdout] 
[INFO] [stdout] 
[INFO] [stdout] error[E0659]: `repr` is ambiguous (built-in attribute vs any other name)
[INFO] [stdout]   --> src/watchtower/items/error.rs:67:3
[INFO] [stdout]    |
[INFO] [stdout] 67 | #[repr(u16)]
[INFO] [stdout]    |   ^^^^ ambiguous name
[INFO] [stdout]    |
[INFO] [stdout]    = note: `repr` could refer to a built-in attribute
[INFO] [stdout] note: `repr` could also refer to the derive helper attribute defined here
[INFO] [stdout]   --> src/watchtower/items/error.rs:66:30
[INFO] [stdout]    |
[INFO] [stdout] 66 | #[derive(Clone, Copy, Debug, TryFromPrimitive)]
[INFO] [stdout]    |                              ^^^^^^^^^^^^^^^^
[INFO] [stdout] 
[INFO] [stdout] 
[INFO] [stdout] error[E0659]: `repr` is ambiguous (built-in attribute vs any other name)
[INFO] [stdout]   --> src/watchtower/items/error.rs:88:3
[INFO] [stdout]    |
[INFO] [stdout] 88 | #[repr(u16)]
[INFO] [stdout]    |   ^^^^ ambiguous name
[INFO] [stdout]    |
[INFO] [stdout]    = note: `repr` could refer to a built-in attribute
[INFO] [stdout] note: `repr` could also refer to the derive helper attribute defined here
[INFO] [stdout]   --> src/watchtower/items/error.rs:87:30
[INFO] [stdout]    |
[INFO] [stdout] 87 | #[derive(Clone, Copy, Debug, TryFromPrimitive)]
[INFO] [stdout]    |                              ^^^^^^^^^^^^^^^^
[INFO] [stdout] 
[INFO] [stdout] 
[INFO] [stdout] error[E0659]: `repr` is ambiguous (built-in attribute vs any other name)
[INFO] [stdout]    --> src/watchtower/items/error.rs:119:3
[INFO] [stdout]     |
[INFO] [stdout] 119 | #[repr(u16)]
[INFO] [stdout]     |   ^^^^ ambiguous name
[INFO] [stdout]     |
[INFO] [stdout]     = note: `repr` could refer to a built-in attribute
[INFO] [stdout] note: `repr` could also refer to the derive helper attribute defined here
[INFO] [stdout]    --> src/watchtower/items/error.rs:118:30
[INFO] [stdout]     |
[INFO] [stdout] 118 | #[derive(Clone, Copy, Debug, TryFromPrimitive)]
[INFO] [stdout]     |                              ^^^^^^^^^^^^^^^^
[INFO] [stdout] 
[INFO] [stdout] 
[INFO] [stdout] error[E0659]: `repr` is ambiguous (built-in attribute vs any other name)
[INFO] [stdout]    --> src/watchtower/items/error.rs:150:3
[INFO] [stdout]     |
[INFO] [stdout] 150 | #[repr(u16)]
[INFO] [stdout]     |   ^^^^ ambiguous name
[INFO] [stdout]     |
[INFO] [stdout]     = note: `repr` could refer to a built-in attribute
[INFO] [stdout] note: `repr` could also refer to the derive helper attribute defined here
[INFO] [stdout]    --> src/watchtower/items/error.rs:149:30
[INFO] [stdout]     |
[INFO] [stdout] 149 | #[derive(Clone, Copy, Debug, TryFromPrimitive)]
[INFO] [stdout]     |                              ^^^^^^^^^^^^^^^^
[INFO] [stdout] 
[INFO] [stdout] 
[INFO] [stdout] error[E0659]: `repr` is ambiguous (built-in attribute vs any other name)
[INFO] [stdout]  --> src/items/feature.rs:7:3
[INFO] [stdout]   |
[INFO] [stdout] 7 | #[repr(usize)]
[INFO] [stdout]   |   ^^^^ ambiguous name
[INFO] [stdout]   |
[INFO] [stdout]   = note: `repr` could refer to a built-in attribute
[INFO] [stdout] note: `repr` could also refer to the derive helper attribute defined here
[INFO] [stdout]  --> src/items/feature.rs:6:68
[INFO] [stdout]   |
[INFO] [stdout] 6 | #[derive(Clone, Copy, Debug, PartialEq, Eq, PartialOrd, Ord, Hash, TryFromPrimitive)]
[INFO] [stdout]   |                                                                    ^^^^^^^^^^^^^^^^
[INFO] [stdout] 
[INFO] [stdout] 
[INFO] [stdout] error[E0659]: `repr` is ambiguous (built-in attribute vs any other name)
[INFO] [stdout]  --> src/watchtower/items/blob.rs:6:3
[INFO] [stdout]   |
[INFO] [stdout] 6 | #[repr(u16)]
[INFO] [stdout]   |   ^^^^ ambiguous name
[INFO] [stdout]   |
[INFO] [stdout]   = note: `repr` could refer to a built-in attribute
[INFO] [stdout] note: `repr` could also refer to the derive helper attribute defined here
[INFO] [stdout]  --> src/watchtower/items/blob.rs:5:68
[INFO] [stdout]   |
[INFO] [stdout] 5 | #[derive(Clone, Copy, Debug, PartialEq, Eq, PartialOrd, Ord, Hash, TryFromPrimitive)]
[INFO] [stdout]   |                                                                    ^^^^^^^^^^^^^^^^
[INFO] [stdout] 
[INFO] [stdout] 
[INFO] [stdout] error[E0659]: `repr` is ambiguous (built-in attribute vs any other name)
[INFO] [stdout]   --> src/watchtower/items/blob.rs:94:3
[INFO] [stdout]    |
[INFO] [stdout] 94 | #[repr(u16)]
[INFO] [stdout]    |   ^^^^ ambiguous name
[INFO] [stdout]    |
[INFO] [stdout]    = note: `repr` could refer to a built-in attribute
[INFO] [stdout] note: `repr` could also refer to the derive helper attribute defined here
[INFO] [stdout]   --> src/watchtower/items/blob.rs:93:45
[INFO] [stdout]    |
[INFO] [stdout] 93 | #[derive(Clone, Copy, Debug, PartialEq, Eq, TryFromPrimitive)]
[INFO] [stdout]    |                                             ^^^^^^^^^^^^^^^^
[INFO] [stdout] 
[INFO] [stdout] 
[INFO] [stdout] error[E0659]: `repr` is ambiguous (built-in attribute vs any other name)
[INFO] [stdout]   --> src/watchtower/items/error.rs:67:3
[INFO] [stdout]    |
[INFO] [stdout] 67 | #[repr(u16)]
[INFO] [stdout]    |   ^^^^ ambiguous name
[INFO] [stdout]    |
[INFO] [stdout]    = note: `repr` could refer to a built-in attribute
[INFO] [stdout] note: `repr` could also refer to the derive helper attribute defined here
[INFO] [stdout]   --> src/watchtower/items/error.rs:66:30
[INFO] [stdout]    |
[INFO] [stdout] 66 | #[derive(Clone, Copy, Debug, TryFromPrimitive)]
[INFO] [stdout]    |                              ^^^^^^^^^^^^^^^^
[INFO] [stdout] 
[INFO] [stdout] 
[INFO] [stdout] error[E0659]: `repr` is ambiguous (built-in attribute vs any other name)
[INFO] [stdout]   --> src/watchtower/items/error.rs:88:3
[INFO] [stdout]    |
[INFO] [stdout] 88 | #[repr(u16)]
[INFO] [stdout]    |   ^^^^ ambiguous name
[INFO] [stdout]    |
[INFO] [stdout]    = note: `repr` could refer to a built-in attribute
[INFO] [stdout] note: `repr` could also refer to the derive helper attribute defined here
[INFO] [stdout]   --> src/watchtower/items/error.rs:87:30
[INFO] [stdout]    |
[INFO] [stdout] 87 | #[derive(Clone, Copy, Debug, TryFromPrimitive)]
[INFO] [stdout]    |                              ^^^^^^^^^^^^^^^^
[INFO] [stdout] 
[INFO] [stdout] 
[INFO] [stdout] error[E0659]: `repr` is ambiguous (built-in attribute vs any other name)
[INFO] [stdout]    --> src/watchtower/items/error.rs:119:3
[INFO] [stdout]     |
[INFO] [stdout] 119 | #[repr(u16)]
[INFO] [stdout]     |   ^^^^ ambiguous name
[INFO] [stdout]     |
[INFO] [stdout]     = note: `repr` could refer to a built-in attribute
[INFO] [stdout] note: `repr` could also refer to the derive helper attribute defined here
[INFO] [stdout]    --> src/watchtower/items/error.rs:118:30
[INFO] [stdout]     |
[INFO] [stdout] 118 | #[derive(Clone, Copy, Debug, TryFromPrimitive)]
[INFO] [stdout]     |                              ^^^^^^^^^^^^^^^^
[INFO] [stdout] 
[INFO] [stdout] 
[INFO] [stdout] error[E0659]: `repr` is ambiguous (built-in attribute vs any other name)
[INFO] [stdout]    --> src/watchtower/items/error.rs:150:3
[INFO] [stdout]     |
[INFO] [stdout] 150 | #[repr(u16)]
[INFO] [stdout]     |   ^^^^ ambiguous name
[INFO] [stdout]     |
[INFO] [stdout]     = note: `repr` could refer to a built-in attribute
[INFO] [stdout] note: `repr` could also refer to the derive helper attribute defined here
[INFO] [stdout]    --> src/watchtower/items/error.rs:149:30
[INFO] [stdout]     |
[INFO] [stdout] 149 | #[derive(Clone, Copy, Debug, TryFromPrimitive)]
[INFO] [stdout]     |                              ^^^^^^^^^^^^^^^^
[INFO] [stdout] 
[INFO] [stdout] 
[INFO] [stdout] error: aborting due to 7 previous errors
[INFO] [stdout] 
[INFO] [stdout] 
[INFO] [stdout] For more information about this error, try `rustc --explain E0659`.
[INFO] [stdout] 
[INFO] [stderr] error: could not compile `lightning-wire-msgs`.
[INFO] [stderr] 
[INFO] [stderr] To learn more, run the command again with --verbose.
[INFO] [stderr] warning: build failed, waiting for other jobs to finish...
[INFO] [stdout] error: aborting due to 7 previous errors
[INFO] [stdout] 
[INFO] [stdout] 
[INFO] [stdout] For more information about this error, try `rustc --explain E0659`.
[INFO] [stdout] 
[INFO] [stderr] error: build failed
[INFO] running `Command { std: "docker" "inspect" "30dc0e05ed4b3de34012ab56f78d14f3a3f8b6f03e827a68cf781a174cd29547", kill_on_drop: false }`
[INFO] running `Command { std: "docker" "rm" "-f" "30dc0e05ed4b3de34012ab56f78d14f3a3f8b6f03e827a68cf781a174cd29547", kill_on_drop: false }`
[INFO] [stdout] 30dc0e05ed4b3de34012ab56f78d14f3a3f8b6f03e827a68cf781a174cd29547
